r = 10 + k. Let g(a) = -6*a + 0*a**2 + 8 - 3*a**2 + 5*a**2 - 3*a**r. What is g(-6)?
8
Let p(t) = -7*t**2 - 3*t - 6. Let b(g) = 17*g**2 + 5*g + 12. Let v(i) = 2*b(i) + 5*p(i). Let y be (8 + 1)*4/(-6). Determine v(y).
-12
Suppose 4*r + 0 - 3 = m, 3*m - 21 = -3*r. Let k(x) = -2*x**2 + 2*x**2 + 2 + 4*x + x**r. Suppose -5*h + 22 = -4*f, 3*f - 3 = -4*h - 4. Give k(f).
-1
Suppose u + 9 = 4*x, -u - 2 = -1. Suppose 0 = -2*h + x - 0. Let f(l) = 4*l - 14*l**2 + 4*l**2 - h + 9*l**2. Determine f(5).
-6
Let l = -4 - 4. Let q be 1236/(-16) - 2/l. Let r be (-2)/7 - (-286)/q. Let b(c) = -c**2 - c - 4. Give b(r).
-16
Let w(a) = -a**3 + 6*a**2 + 4*a + 16. Let n be w(7). Let u(z) = z + 7. What is u(n)?
2
Let f be -1 + (4 + -2 - -9). Let c(r) = r + 17 - 28 + f - 4*r. What is c(-2)?
5
Let w(g) = -g**3 - 7*g**2 - 7*g - 2. Let s be 0*1/(-6)*-3. Let b be (14 + s)/(-2) + 1. Let k be -8 + -3*b/9. Calculate w(k).
4
Let t(b) = -8 - 12*b**3 + 5*b**3 + b**3 + 45 + 5*b**3 + b - 25*b**2. What is t(-25)?
12
Suppose 4*d - 23 = o, -2*o = o - 3. Let s(p) = 24*p - 4*p + 8 - 21*p. Determine s(d).
2
Let l(b) = 3*b**3 + 2*b**2 - 4*b - 2. Suppose 3*i + 1 = 7. Let p(z) = z**3 - z**2 - z. Let u(s) = i*p(s) - l(s). Let g = 1 + -5. Calculate u(g).
-6
Let a(f) = f**2 + 5*f - 4. Let u(i) = -i**2 - 4*i + 4. Let c be (-1)/(4/(-32)) - 3. Let z(t) = c*u(t) + 4*a(t). Calculate z(-4).
-12
Let j(l) = 2*l - 2. Suppose 0 = -2*w + 2*x, -18 = 4*w - 5*x - 17. What is j(w)?
0
Let o(l) = -l**2 + 19*l + 83. Let j be o(-4). Let g(a) = a**2 + 9*a + 2. Give g(j).
2
Let k(d) = 719*d - 177*d - 180*d - 180*d + 6*d**2 - 180*d. Calculate k(1).
8
Let q be 0 + 5 + 0/(-3). Suppose x = q*x. Let a(b) be the first derivative of b**2/2 + 9*b + 13. Give a(x).
9
Suppose 0 = 2*x + 4*s - 60, x + 5*s = 25 + 17. Let w = -7 + x. Suppose 0 = -3*c, -w = -4*g + 3*c + 5. Let z(r) = -r**3 + 4*r**2 + 2*r + 5. Calculate z(g).
-10
Let t(b) = -3*b**2 - 6*b + 13. Let g(k) = k**2 + 2*k - 4. Let l(j) = 8*g(j) + 3*t(j). Determine l(-3).
4
Suppose -8*i + 10 = -7*i. Suppose -16*w + 21*w = -i. Let s(a) = a**3 - a**2 - 3*a - 2. Calculate s(w).
-8
Let d(c) = -16*c**2. Let l = -76 - -85. Suppose 2*s + 3*u + 8 = -0*s, s - 5*u = l. Give d(s).
-16
Let w(m) = -m**2 - 3*m + 3. Let a be w(-3). Suppose 8 - a = j. Suppose 2*s + j*c - 3 = 1, s = 4*c - 11. Let h(x) = x**3 + 3*x**2 - 2*x - 2. Calculate h(s).
4
Let n(c) = -4*c + 2. Let i(h) = 6*h - 6. Let b(z) = i(z) + 2*n(z). Suppose j - 23 = 4*f, 3*j + 2 = j. What is b(f)?
10
Let a(b) be the first derivative of -b**3/3 + 9*b**2/2 - 4*b + 1187. Let u = 6 - -2. What is a(u)?
4
Let a(v) = -v**2 - 6*v + 4. Let f be a(-4). Let u(t) = -12 + 32 - 7 - f - 2*t. Calculate u(-1).
3
Let m(r) be the third derivative of -r**4/12 - 3*r**3/2 - 232*r**2. Calculate m(0).
-9
Let t be -2*1*(1 + 0). Let i(m) = m**2 - m + 12. Let x(s) = s**2 - 2*s + 14. Let y(r) = 6*i(r) - 5*x(r). Give y(t).
-2
Let t(s) = -s**2 + 5*s + 4. Let i(w) = 3*w**2 + 10*w + 4. Let m be i(-4). Let n(x) = -x**2 + 12*x + 7. Let y be n(m). Calculate t(y).
-10
Suppose 0 = -5*b - 2*s + 12, 3*b + 3*s - s = 8. Let q(i) = i**2 - 23*i - 2 + 10*i + b*i + 10*i. Give q(3).
4
Let t(d) be the second derivative of 5*d + 1/3*d**3 + 2*d**2 + 1/6*d**4 + 0. Let q(z) be the first derivative of t(z). Calculate q(-2).
-6
Let i(t) = -3*t**2 - 2*t**3 + 805*t + 3*t**3 + 6 - 807*t. Give i(4).
14
Let q(u) be the third derivative of -u**4/24 - u**3/3 + 3*u**2 - 9*u. Let p(g) = -g - 3. Let m(y) = 6*p(y) - 7*q(y). Let o = -8 + 15. Calculate m(o).
3
Let m(o) = 2*o - 6. Let t(s) = -1. Let c(p) = m(p) - 5*t(p). Let q(f) = -f**3 - 13*f**2 + 2. Let w(a) = -a - 28. Let h be w(-15). Let k be q(h). Calculate c(k).
3
Let c(r) be the second derivative of -15*r + 0*r**2 + 0 - 5/6*r**3. Give c(-1).
5
Let g(s) be the third derivative of -s**4/24 + 5*s**3/3 - 14*s**2 + 3*s. Determine g(-8).
18
Let w(p) = -3*p**3 + 24*p**2 - 10*p - 14. Let q(h) = -5*h**3 + 38*h**2 - 15*h - 21. Let m(j) = -5*q(j) + 8*w(j). Calculate m(-3).
-1
Suppose 4 = 4*p - 3*p. Let o(n) = -n + 1. Let u(i) = -i + 1. Let j(r) = 3*o(r) - 4*u(r). Let s(w) = 6*w - 6. Let d(g) = -21*j(g) + 3*s(g). Give d(p).
-9
Let r(n) = n**3 - 5*n**2 + 2*n + 4. Let h = 121 - 119. Suppose 5*y - 8 = y + h*u, -8 = y - 3*u. Give r(y).
-4
Let p(a) = a**2 - 3*a - 8. Let k be p(5). Let z(n) = -n - 5. Let t(w) = -2*w - 5. Let i(j) = k*t(j) - 3*z(j). What is i(-4)?
9
Let f(u) = 22 - u + 2*u + 15 + 4*u + 2*u. Calculate f(-4).
9
Suppose 0 = -333*t + 314*t + 266. Let b(f) = 2*f**2 - 30*f + 34. Give b(t).
6
Let v(m) = m**3 + 12*m**2 + 10*m - 13. Suppose 53*b = 55*b + 22. What is v(b)?
-2
Let p(c) be the second derivative of -4*c**2 + 3 - 9*c + 1/3*c**3. What is p(7)?
6
Suppose 8 - 2 = 2*f. Let x(l) = l + l + f*l. Let r(a) = -a**3 + 7*a**2 - 5*a - 7. Let n be r(6). Give x(n).
-5
Let t = 51 - 4. Let m = t + -47. Let u(n) = -n**3 + n**2 + n - 1. What is u(m)?
-1
Let x(j) be the first derivative of 24 - 1/2*j**2 + 0*j. Let d = 0 + -3. Calculate x(d).
3
Let x(a) = -2*a + 5. Let v be x(7). Let z(w) = -w - 9. Let o be z(v). Suppose -14 = c + 2*c - 2*u, o = -5*c + 4*u - 24. Let m(r) = -3*r - 2. Give m(c).
10
Suppose 16 = -2*s + 4*a, -5*s + a - 7 = -3*s. Let j(u) = 2*u**2 - 2*u - 3. Give j(s).
9
Let v(j) = -j**2 - 1. Let z(k) = 4*k**2 + k + 1. Let t(h) = v(h) - z(h). What is t(-1)?
-6
Let i(d) be the third derivative of -d**6/120 + 7*d**5/60 - d**4/8 - d**3/2 - 4*d**2 - 4*d. Let g be -1 + (54/6 - (1 - -1)). Determine i(g).
15
Let m be 6/((-27)/(-6) - 3). Let x be (m/(-1))/(18/(-27)). Suppose -2*z = -0*z + x. Let b(o) = 2*o**2 + 3*o - 3. What is b(z)?
6
Suppose 0 = 2*j - 4*j + 2. Let l = 1 - j. Let a(p) = -p + 5. Give a(l).
5
Let w(z) be the third derivative of -z**6/120 - 2*z**5/15 + z**4/2 + 7*z**3/2 - 21*z**2. Let l be w(-9). Let o(p) = p**3 + 5*p**2 - 8*p - 8. What is o(l)?
4
Let r(o) = 0 + o**2 + 5*o - 2 + 1. Let c be r(-4). Let k(h) = -3*h + 7 - 4*h + 8*h. Determine k(c).
2
Suppose -5*z = -5 - 10. Let q(r) be the second derivative of -5*r**4/24 - 5*r**2/2 + r. Let c(y) be the first derivative of q(y). Determine c(z).
-15
Let v = -6 - -6. Let j(g) = -3*g**2 - 3*g + 7. Let w(f) = -f**2 - f + 1. Let t(o) = -j(o) + 4*w(o). Calculate t(v).
-3
Let c(d) = -4*d**3 - 1 + 2*d**3 - 2*d**2 + 2*d + 3*d**3. Let g be c(1). Let q(v) = -v**2 - 1. What is q(g)?
-1
Let h be (2 - (-3 + 6 + -2)) + 5. Let d(t) = 3 - 6*t + t**2 - 7*t**2 + t**3 - 3*t + t**2. Give d(h).
-15
Let p(z) be the second derivative of z**5/120 - 5*z**4/24 - 59*z**3/6 + 38*z. Let i(b) be the second derivative of p(b). Give i(-6).
-11
Let o(r) be the third derivative of r**4/12 + 2*r**3/3 - 232*r**2. Calculate o(7).
18
Let m(l) = 3*l + 5. Suppose -3*g - 19 = -2*j + 2*g, -4*g - 16 = -2*j. Suppose -s - 17 = 4*w, -j*s = 5*w + s + 23. Determine m(w).
-7
Let n(b) = b**3 + 4*b**2 - 6*b + 6. Let a = -115 + 110. What is n(a)?
11
Let y(f) be the third derivative of 0 + 1/12*f**5 - 1/120*f**6 + 5/6*f**3 - 1/8*f**4 + 2*f**2 + 0*f. Suppose 0*u + 3*q = 4*u - 16, 3*q = 0. Calculate y(u).
9
Let o(f) be the third derivative of -f**6/120 + 11*f**5/60 + 9*f**4/8 - 19*f**3/6 - 9*f**2 - 12*f. What is o(13)?
-6
Let p(l) be the third derivative of l**6/120 - l**5/20 - 5*l**4/24 + l**3/3 - l**2. Let o(a) = -6 - 2 + 2*a + 0*a. Let b be o(6). Give p(b).
-2
Let g(s) = s**2 - 13*s + 14. Let i be g(10). Let n be ((-4)/(8/(-3)))/((-8)/i). Let q(d) = d**2 - 5*d - 2. Give q(n).
-8
Let c(t) = -t - 1. Let r(s) = -3*s**2 + 16*s + 26. Let x(w) = w**2 - 5*w - 9. Let i(n) = -4*r(n) - 11*x(n). Let z(y) = 5*c(y) - i(y). Give z(4).
0
Suppose -3*c + 359 = y, -4*c = -8*c + 2*y + 482. Let n = c + -111. Let r(p) = -p**3 + 9*p**2 - 2*p + 3. Give r(n).
-15
Let n be (4/6*-15)/(-1 - 1). Let v(z) = -2*z - 4. Determine v(n).
-14
Let z(n) = n**2 - 6*n + 7. Let u(s) = s**3 - 4*s**2 - 2*s - 5. Let l be u(4). Let v = 8 - l. Suppose 0 = 4*w + t - 16, -t + v = 5*w. What is z(w)?
2
Suppose -l = -2*r - 17, -18 = -2*l + l + 3*r. Let v(w) = -w**2 + 15*w + 6. Give v(l).
6
Let k(t) = -6*t**2 + 20*t - 14. Suppose -5*n - 17 = -2*a, -4*n = -3*a + 5 + 10. Let w(q) = 2*q**2 - 7*q + 5. Let c(r) = n*k(r) - 8*w(r). Determine c(4).
18
Let q be -3*2*4/(-24). Let v be q/6 + 33/18. Let m(g) = -5 + 3 - g + 3*g**2 + 1 - v*g**2. Calculate m(-1).
1
Let p = -26 - -30. Suppose u = 2*g + p,